st common factor of 75 and z?
25
Let v(f) = -f**2 - 68*f - 136. Let y be v(-2). Let l be ((-10)/(-3))/((-3)/(-9)). Let h be 146/4 + l/y + 2. What is the greatest common divisor of 144 and h?
36
Let d(s) = s**3 - 26*s**2 + 3*s + 42. Suppose 55 = 2*p - c, 5*c - c = 2*p - 64. Let g be d(p). What is the greatest common divisor of 48 and g?
24
Suppose 10 = -3*q - 2*f, 2*q + 2 = -10*f + 11*f. Let a be (q - -1) + (-2)/((-4)/42). Calculate the highest common factor of 220 and a.
20
Let x = -19514 + 21692. Calculate the greatest common factor of 418 and x.
22
Let i = -395 + 195. Let h be i/32*(0 - 4). Let a = 121 - h. What is the highest common factor of a and 64?
32
Suppose -60 = -6*z + 2*z + 3*v, 2*z - 3*v - 36 = 0. Suppose 2 - 74 = -z*n. Calculate the highest common factor of n and 102.
6
Let z(x) = 2*x**3 - 240*x**2 + 239*x + 96. Let a be z(119). Calculate the highest common factor of a and 817.
43
Let s(i) = -i**2 + 9*i + 8. Let v be s(8). Suppose -14 - v = -6*l. Suppose t = -2*n - 4, l*n - 2*n = -2*t - 4. Calculate the highest common divisor of t and 10.
2
Let p(z) = -3*z**3 + 66*z**2 + z - 17. Let a be p(22). Let r be (-1)/(-1)*0 + 20. What is the greatest common divisor of r and a?
5
Let m be (-187)/4*(-276)/69. What is the highest common factor of 341 and m?
11
Suppose 383 - 1736 = -5*k + 2287. Let c be ((-56)/16)/(1/(-8)). Calculate the highest common factor of k and c.
28
Suppose 104*p + 16 = 112*p. Let k be (25 - 17)/(16/6 - p). What is the greatest common factor of k and 4?
4
Let m be 3*-1 + 4/(-4). Let n(u) be the first derivative of 2*u**3/3 + 5*u**2/2 + 2*u + 242. Let z be n(m). Calculate the highest common divisor of 4 and z.
2
Let r = -65 + 68. Suppose -4*m = 4*h - 386 + 118, 183 = 3*h - r*m. What is the greatest common divisor of h and 40?
8
Suppose -38*k + 4894 = 95*k - 3485. Calculate the greatest common divisor of 477 and k.
9
Let a(j) = 14*j**2 - 27*j + 25. Let p be a(-11). Calculate the highest common divisor of 315 and p.
63
Suppose 2496 = 65*g - 13*g. What is the highest common divisor of g and 20208?
48
Let b = 0 + 2. Let q(d) = d**2 + 15. Let x be q(9). Suppose x = k + b*k. What is the highest common divisor of k and 224?
32
Let f = 641 + -197. Let o be ((-18)/16*2)/((-6)/32). What is the highest common factor of f and o?
12
Let p = -151 - -156. Suppose 0 = 7*x - p*x - 46. What is the highest common factor of 253 and x?
23
Let m be ((-60)/45 - -1) + 302/6. Calculate the greatest common factor of 125 and m.
25
Let r(h) = -294*h - 64. Let s be r(-6). Suppose 1695*j - s*j + 285 = 0. What is the highest common divisor of j and 95?
19
Let t = 3301 + -3280. Calculate the highest common factor of 35 and t.
7
Let o = -1280 + 1284. Suppose 5*y + p + 4*p = 95, 62 = 3*y - 2*p. What is the highest common factor of y and o?
4
Let l = -226 - -230. Suppose -43*y - 15 = -38*y, y + 2075 = l*b. Calculate the highest common divisor of b and 14.
14
Suppose -409*f + 338*f + 1462 = -242. Let s be (-1010)/(-8) - (-1)/(-4). What is the greatest common factor of f and s?
6
Let n be 74*(4/12)/((-2)/(-6)). Let d = n + -39. Suppose -4*q = 3*w - 5, 0*w = -w - 3*q - 5. What is the highest common divisor of w and d?
7
Let y(u) = -u**3 + 0 + 4*u**2 + 2*u + u**2 + 5. Let b be y(4). Let m be 29*25*((-38)/57)/(10/(-3)). Calculate the highest common factor of b and m.
29
Suppose 40 - 14 = 12*c + c. What is the greatest common factor of c and 43?
1
Let y(n) = 4*n + 12. Let l(g) = -3*g**2. Let f be l(2). Let u be y(f). Let q = 66 + u. What is the highest common factor of 10 and q?
10
Let m = -797 - -466. Let u = m - -529. What is the greatest common divisor of u and 22?
22
Let k(g) = 23*g**2 - 3*g - 8. Let c be k(-2). Let y be 8 + -4*c/(-24). What is the highest common factor of y and 345?
23
Suppose 5*u + 3*a - 756 = 0, -2*u - 4*a - 592 = -6*u. Suppose u = 4*d + 110. Let f(q) = q + 17. Let j be f(-7). What is the greatest common divisor of d and j?
10
Suppose 12*h = 4344 + 4713 + 8331. Calculate the highest common divisor of h and 9.
9
Let i(n) = 2*n**2 + 8*n + 8. Let x be i(-4). Suppose -43 = -5*a + 22. Suppose 2 = a*q - 12*q. What is the highest common factor of x and q?
2
Let c = -4688 - -4748. What is the greatest common divisor of c and 765?
15
Let v = -12686 - -12692. Calculate the highest common divisor of 2202 and v.
6
Suppose 2*z - 3*c - 15 = 0, -4*z = 9*c - 7*c - 6. What is the greatest common divisor of z and 93?
3
Let l = -36958 + 36980. What is the greatest common factor of l and 14531?
11
Let u = 41 + 39. Let t(s) = 2*s**2 + 38*s + 99. Let i be t(-16). Suppose -3*z + i*d + 105 = 0, -16 = -3*d - 25. What is the greatest common factor of u and z?
16
Let r be 92/(1*2) - (25 - (87 + -57)). What is the highest common divisor of 7123 and r?
17
Suppose 8*n - 2 - 14 = 0. Suppose -5*i + 374 = -2*h - n*h, -i - 2*h + 86 = 0. Let s be 26/(-1)*4/(-4). What is the greatest common divisor of i and s?
26
Let a be (-40)/(-32) - (-6)/8. Suppose -a*y = 4*y - 2*y. Suppose 3*c - 31 = -2*c + 2*f, y = -c - 2*f - 1. Calculate the highest common factor of c and 65.
5
Suppose -7*z + 8*z - 5 = -3*s, -2*z = s. Suppose -t + 7 - 48 = -2*f, 0 = -s*f + 3*t + 43. What is the highest common divisor of 12 and f?
4
Let a = 432 - 430. Suppose -a*g = 4*n - 24, 4*g + 3*n = 7 + 51. What is the highest common divisor of 52 and g?
4
Suppose -56*m + 2893 = -2203. Let v = 8 - 5. Suppose -5*t + 121 = 3*q, v*t - 110 = -t + 2*q. Calculate the greatest common factor of m and t.
13
Suppose 7*p = -26 + 5. Let i be 10 + p + 3 + (-5 - -2). Let k = -65 - -121. Calculate the highest common divisor of k and i.
7
Let b be (-6 - (-3 + -7)) + -3 + 20. Calculate the greatest common factor of 56 and b.
7
Let c = -4465 - -4520. Calculate the highest common divisor of c and 1485.
55
Let j be ((-10)/(-3))/((-19)/(-570)). Let x = -90 + j. What is the greatest common factor of x and 490?
10
Suppose -374*j + 19926 = -18*j + 13*j. What is the highest common divisor of 1683 and j?
9
Let a be (18/(-8))/((-39)/(-104)). Let m(d) = 5*d**2 + 6*d + 20. Let s be m(a). What is the highest common factor of s and 4?
4
Let b(w) = -2*w**2 - 67*w - 31. Let i be b(-33). Suppose 4*q - i*t = 296, q - t + 9 = 81. What is the highest common divisor of q and 19?
19
Let v = 132 - -258. Suppose 14*w - v = 12*w. What is the highest common factor of 30 and w?
15
Suppose -49 = -5*y + 5*q + 1, -5*y - 5*q = -20. Let g be (4 + 0)*-1 + 60. Calculate the greatest common factor of y and g.
7
Let c be (-42)/(-15)*(-5000)/(-70). What is the greatest common factor of c and 9700?
100
Let l(h) = -2*h**3 - 5*h**2 + 13*h + 5. Let w be l(-4). Let f be 1/1 + 1 + 0. Let z be (f*(-54)/(-4))/w. Calculate the greatest common divisor of 9 and z.
9
Let s = 17097 - 16185. What is the highest common divisor of s and 84?
12
Let k(p) = -4*p + 5. Let a be -14 + 9 - (-7 + 2). Let b be k(a). What is the greatest common factor of 40 and b?
5
Let s = -7406 - -8142. Calculate the greatest common factor of 299 and s.
23
Suppose 94*a - 12803 = 63*a. What is the highest common divisor of 236 and a?
59
Let q = 52 + 140. Suppose 392 = 3*s + 9*g - 7*g, 0 = s - g - 124. What is the greatest common divisor of s and q?
64
Suppose 2*p - 12 = 16*p - 222. Let w(m) = 2*m**3 - m**2 + 1. Let u be w(-2). Let q = 64 + u. What is the greatest common divisor of p and q?
15
Suppose -10*a = -41 + 141. Let m be (2/(-30)*a)/(1/63). Calculate the greatest common divisor of m and 21.
21
Suppose 4*t - 46 = 2*n, -3*n = -5*t - 2*n + 50. Suppose -14*w - 7 = -63. Calculate the greatest common factor of t and w.
1
Suppose -3*y + 5*a + 813 = 0, y - 18*a - 271 = -13*a. Suppose -y*r = -277*r + 72. What is the greatest common divisor of r and 192?
12
Suppose 4*g - 543 - 185 = 0. Let b = -83 + g. What is the greatest common factor of 9 and b?
9
Suppose 0 = 4*r - 9*r + 20. Let u = 661 - 1194. Let g = u - -537. Calculate the highest common divisor of g and r.
4
Let t be -4 + (580/5)/4. Suppose -4*m = -2201 + t. What is the highest common divisor of 32 and m?
32
Let l = -183 - -186. Suppose l*x - 6*i = -3*i + 189, 4*i - 276 = -4*x. Calculate the greatest common factor of 18 and x.
6
Let v be (-234)/52*800/(-36). What is the highest common factor of v and 625?
25
Suppose 0 = -13*x + 51 + 105. What is t